f -m**6/120 - 7*m**5/60 - m**4/24 + m**3/3 + 3*m**2. What is g(-7)?
9
Let z = 4 + 1. Let u be (0 + -3)/(3/z). Let b(m) = m - 2. Give b(u).
-7
Let g(y) = -2*y - 1. Let s(p) = -p + 1. Let j be s(0). Let n = -1 - j. Let k be (-30)/(-9) - n/(-6). Give g(k).
-7
Let o(q) = 114 - 65 - q - 58. Calculate o(-11).
2
Let p(i) = -7*i + i**3 + 4 - 5 - 6*i**2 + 2*i**2. Let l(w) = w**2 - 17*w - 13. Let t be l(18). Determine p(t).
-11
Let w(d) = -d - 1. Let n(f) = f**2 - 6*f + 2. Let v be n(6). Suppose 0 = v*x - x + 1. Determine w(x).
0
Let n = -67 + 59. Let a(b) = -b - 6. Determine a(n).
2
Let g(y) = y - 1. Let l = -5 - 1. Determine g(l).
-7
Let p = -34 + 33. Let n(h) = 10*h**3 - h**2. Give n(p).
-11
Let g = 49 - 50. Let s(x) = 10*x + 1. What is s(g)?
-9
Suppose 0 = 5*f, -5*n + 5*f = -18 - 12. Let i(m) = 2*m + 2. Calculate i(n).
14
Let b(h) be the third derivative of -h**9/12096 - h**7/5040 - h**5/20 - 3*h**2. Let n(u) be the third derivative of b(u). Let d = -6 - -5. What is n(d)?
6
Let n(d) = -3 + 7*d + 8 - 13*d - d**2 + 0*d. Calculate n(-5).
10
Let a = 5 + 0. Let i(j) = -3*j**3 - 2*j + 4. Let g(k) = 2*k**3 + k**2 + 3*k - 4. Let p(m) = 4*g(m) + 3*i(m). Determine p(a).
1
Suppose -3 - 5 = 2*j. Let p(x) = x**3 + 5*x**2 + 4*x - 2. What is p(j)?
-2
Let n(f) = 2*f - 3. Let z be n(3). Let u(w) be the third derivative of 2*w**2 + 0*w + 1/8*w**4 - 1/3*w**3 + 0. Determine u(z).
7
Let w(g) = g + 5 - 1 + 0. What is w(-3)?
1
Let y(g) = g**3 - 2*g + 6*g + 86*g**2 - 91*g**2. Let h be 0 + (-4 - -2) - -6. What is y(h)?
0
Let r(q) = 3*q + 4. Let v(l) = -l + 2. Let u(b) = -r(b) - 2*v(b). Give u(-10).
2
Let x(y) = -y**2 + 2*y + 1. Suppose 4*p + 3*r = 3 + 26, 5*p = -r + 28. Calculate x(p).
-14
Let n(x) = x**3 - 3*x**2 - 2*x - 4. Let m be n(4). Let c be (16/24)/(m/18). Let d(y) = 3 + y**3 + 5*y**2 - c*y**2 + 3*y - 2*y**3. Determine d(3).
3
Let p(z) = -z - 1. Let l(t) = 5*t + 4 + 3 + t. Let h(x) = -3*l(x) - 15*p(x). Suppose -9 - 3 = 3*s. Calculate h(s).
6
Suppose 0 = 2*o + o, -5*o = 4*r - 16. Let z(l) = -l**2 + l - 2. Calculate z(r).
-14
Suppose 5 = o - 0*o. Let n(p) = p - 8. Determine n(o).
-3
Suppose 2*n - 19 = -3*c, 8 = -4*c + 2*n + 2*n. Let k(d) = -d**2 - 6*d - 2. Let r(i) be the first derivative of i + 1. Let s(h) = c*r(h) - k(h). Calculate s(-5).
0
Let g(w) = -w**2 + 5*w + 2. Let y be g(5). Let s(b) = -b**2 + b - 1. Let a(h) = 2*h**2 - 3. Let f(v) = a(v) - 2*s(v). Give f(y).
11
Suppose 4*g + s - 25 = 3*g, -g + 4*s = 0. Suppose -g = -4*a + 9*a. Let j(b) be the first derivative of b**4/4 + 4*b**3/3 - b**2/2 - b - 1. What is j(a)?
3
Suppose 2*z = -3*z + 20. Let i(c) be the third derivative of -c**4/12 + c**3 + 11*c**2. Determine i(z).
-2
Suppose -2*y - 4*q = 4, 4*y - q + 0*q = 10. Let o(a) = -2 - 2*a + y. Let r(k) = -4*k + 5. Let s be r(2). What is o(s)?
6
Let k(b) = 17*b + 7. Let p(o) = 8*o + 4. Let v(c) = -3*k(c) + 5*p(c). Let l be 2/(-3) - 55/(-15). Suppose 7*u + x = l*u - 6, -2*x = -4*u. Determine v(u).
10
Let a(z) be the third derivative of -z**4/24 - z**3/6 + 9*z**2. What is a(0)?
-1
Let x(z) = -9*z**2 + 18. Let r(t) = -t**2 + 1. Let g(d) = -18*r(d) + x(d). Let s = -6 + 5. Let k = 0 - s. Give g(k).
9
Suppose -7*s + 30 = -2*s. Suppose 2*g + 4 = s. Let y(a) = 2*a**2 - 1 - a**2 + 2*a + 2*a**2. What is y(g)?
4
Suppose 5*l - 37 = -3*w, -7*l + 9 = -6*l + w. Suppose l*k + 15 + 10 = 0. Let v(x) = x**3 + 5*x**2 - x + 3. Give v(k).
8
Let g(t) = -15*t**3 - 5*t**2 + 19*t + 23. Let i(r) = -7*r**3 - 2*r**2 + 9*r + 11. Let l(o) = -6*g(o) + 13*i(o). Let u be (-51)/(-12) + (-12)/(-16). Give l(u).
-5
Let p(c) = -c + 5. Let f be p(5). Let l(m) be the first derivative of m**4/4 + m**3/3 + 2*m + 6. What is l(f)?
2
Let d(k) = 9*k - 2. Let v(h) = 8*h - 2. Let l(t) = 6*d(t) - 7*v(t). Let y be l(-3). Let b(i) = 5 + 4 + i - y. Determine b(1).
2
Let y(o) = o**3 - o + 3. Let w(z) = z + 5. Let j be w(-5). What is y(j)?
3
Suppose 4*x = -x - 5. Let m(d) = -7*d**3 + d**2 - 1. What is m(x)?
7
Suppose -z = -6*z + 235. Let r = z - 27. Suppose r = -g - 4*g. Let y(q) = -q + 2. Calculate y(g).
6
Suppose 0 = o + 1, 3*o = 6*x - x + 7. Let r(s) = -2*s**2 - 3*s - 2. Calculate r(x).
-4
Suppose -3*n - a + 5*a - 1 = 0, -n - a + 9 = 0. Suppose 0 = -o - 0 - n. Let t(j) = -j**3 - 4*j**2 + 6*j + 7. Calculate t(o).
2
Let x(z) = 13*z**3 + 20*z**2 - 8*z - 28. Let v(l) = 3*l**3 + 5*l**2 - 2*l - 7. Let m(k) = 9*v(k) - 2*x(k). Determine m(-5).
3
Let t(h) = 26*h + 14. Let s(z) = -9*z - 5. Suppose 4*k = -0*k - 44. Let u(p) = k*s(p) - 4*t(p). What is u(-1)?
4
Let f be ((-24)/(-18))/(8/6). Let m(w) = 2*w**2 + 2*w**2 - w + 3*w**2. Calculate m(f).
6
Let k(r) = r**2 - 3*r + 9. Let d(m) = -2*m**2 + 7*m - 18. Let j be (0 - -2)/(8/(-28)). Let s(v) = j*k(v) - 4*d(v). What is s(6)?
3
Let x(s) = 2*s - 5. Let j(o) = 4*o - 20. Let w be j(6). What is x(w)?
3
Let d(y) = -y**3 + 6*y**2 - 4*y - 1. Suppose 12 = -0*z + 2*z. Suppose -14 = -0*k - k + 3*g, 3*k - 4*g - 22 = 0. Suppose k*i - z - 4 = 0. What is d(i)?
4
Let b(y) = y**2 + 4*y + 5. Let r = -61 + 57. Give b(r).
5
Let d(s) be the third derivative of -s**6/120 + 7*s**3/6 + 2*s**2. Suppose 0*b = -b + 2. Let p = 2 - b. Give d(p).
7
Let u = 64 + -68. Let p(c) = -c**3 - 5*c**2 - 4*c + 4. Calculate p(u).
4
Let y = 10 - 7. Let s = -5 - y. Let o be (-11 - s)/((-6)/(-4)). Let g(c) = -c**3 - 4*c**2 - 4*c - 3. Determine g(o).
-3
Let y(g) = -1. Let k(a) = 5*a**2 - 5. Let s(r) = k(r) - 6*y(r). Let l(w) be the second derivative of -w**3/6 + w**2/2 + 2*w. Let x be l(2). Give s(x).
6
Let s(q) = 7*q - 65. Let m be s(10). Let i(n) = n**3 - 5*n**2. Give i(m).
0
Let b(f) = f**3 - 3*f - 3*f**3 + 2*f - 1. Let s(q) = -q**2 + 10*q + 10. Let x be s(11). Calculate b(x).
2
Let y(w) = w**3 + 4*w**2 + w + 1. Let b = -31 + 29. Calculate y(b).
7
Let t be (0 + 0)/(15/5). Let o(u) be the first derivative of -2 + t*u**2 - u - 5/3*u**3. Determine o(-1).
-6
Let j(p) be the second derivative of -p**4/12 + p**3/6 + 3*p**2 - p. Suppose 7*t + t = -16*t. Calculate j(t).
6
Let a(h) = h**2 - h - 2. Suppose 0 = -2*w - 3 + 9. What is a(w)?
4
Let z(g) = g**3 + 6*g**2 + 3. Let s = 15 - 10. Suppose 2*i + 16 = -s*r - 4, -3*i + 15 = 0. Give z(r).
3
Let r = -1 + 3. Let z(g) = -15 + 15 + r*g**3. Give z(1).
2
Suppose 18 = -8*c - 54. Let h(b) = -b - 14. Give h(c).
-5
Let z(h) = h + 6. Suppose -3*y - 9 - 9 = 0. Calculate z(y).
0
Let s(r) = 5*r - 1 - 2*r - r. Let d be (3/(-2))/(5/(-10)). Suppose -p = 2*u + 9, -2*u = -d*u + 2*p + 8. What is s(u)?
-5
Let q(r) = 4*r**3 + 5*r**2 - 2*r + 2. Let t(l) = 9*l**3 + 10*l**2 - 4*l + 5. Let s(j) = -7*q(j) + 3*t(j). Determine s(-5).
-9
Suppose 3*u + 3*o + 8 = -u, 4*u - 4*o = -36. Let h(j) = -18*j - 14. Let g(v) = 4*v + 3. Let n(f) = 14*g(f) + 3*h(f). Calculate n(u).
-10
Suppose -3*w = 4*d - 7 - 14, d + 2*w = 9. Let s(o) = o**3 - 3*o**2 - o - 3. Determine s(d).
-6
Let x(v) = 6*v - 5*v - 84 + 86. Give x(-7).
-5
Let o(x) = x - 2. Let v be 2*(-3)/15*5. Let p be (-3 + 1)/v + -5. Calculate o(p).
-6
Let p(w) = w**3 + 6*w**2 - 7*w + 2. Let o(l) = -2*l - 47. Let g be o(-20). What is p(g)?
2
Let g(s) be the third derivative of s**6/120 + s**5/10 - s**4/24 + 9*s**2. Determine g(-6).
6
Let h(f) = -f + 4. Let z(c) = -3*c**2 - c**2 + 3 + 6*c + 3*c**2 + 2*c. Let w be z(8). Calculate h(w).
1
Let o(h) = -7*h**2 - 9*h - 13. Let x(g) be the third derivative of g**5/6 + 7*g**4/12 + 19*g**3/6 - 6*g**2. Let i(m) = 7*o(m) + 5*x(m). Give i(-6).
-2
Let k = 102 + -102. Let d(p) be the third derivative of k*p + 1/24*p**4 + 0 + p**2 - p**3. Determine d(0).
-6
Let c = -26 + 26. Let t(v) = -v**2 + v + 8. Determine t(c).
8
Suppose -128*w = -132*w + 16. Let s(y) be the first derivative of y**4/4 - 5*y**3/3 + y**2 + 2*y + 1. Give s(w).
-6
Let c be 1/(-2)*(-16)/(4/(-1)). Let g(h) = -3*h**3 - 1 - 2 - 7*h + 3*h - 4*h**2. What is g(c)?
13
Let r(a) be the second derivative of 1/12*a**4 + 3/2*a**2 + 0 + 1/2*a**3 + 1/20*a**5 - 2*a. Suppose 3*b = -2*b - 10. Give r(b).
-7
Let l(t) = -4*t**2 + 8*t. Let z = 3 - 0. Let d(q) = -7*q**2 + 15*q - 1. Let w(k) = z*d(k) - 5*l(k). Suppose -4*v + 12 = -5*o, 0 = -v + 2*o + 1 + 2. Give w(v).
3
Suppose -4*n = -n. Let d(m) = m**3 - m**2 + m + 4. What is d(n)?
4
Suppose 2*r + 14 = -16. Let w = r - -11. Let j(v) = -3*v**2 + 17*v + 8. Let c(i) = i**2 - 8*i - 4. Let x(h) = -5*c(h) - 2*j(h). What is x(w)?
-4
Suppos